{"id":862,"date":"2020-01-27T17:31:04","date_gmt":"2020-01-27T16:31:04","guid":{"rendered":"http:\/\/www.mallorca-bahia-azul.com\/?page_id=862"},"modified":"2020-01-27T18:10:58","modified_gmt":"2020-01-27T17:10:58","slug":"vordere-terrasse","status":"publish","type":"page","link":"http:\/\/www.mallorca-bahia-azul.com\/en\/vordere-terrasse\/","title":{"rendered":"Vordere Terrasse"},"content":{"rendered":"\n<p>Die Vordere Terrasse bietet einen schattigen Sitzplatz f\u00fcr bis zu zehn Personen. Hier kann man sitzen wenn man im Au\u00dfenbereich mit Kohle grillen m\u00f6chte.<\/p>\n\n\n\n<ul class=\"wp-block-gallery columns-1 is-cropped wp-block-gallery-1 is-layout-flex wp-block-gallery-is-layout-flex\"><li class=\"blocks-gallery-item\"><figure><img loading=\"lazy\" decoding=\"async\" width=\"1024\" height=\"594\" src=\"http:\/\/www.mallorca-bahia-azul.com\/wp-content\/uploads\/2019\/09\/Finca_auf_Mallorca_Villa_Verano_10_1650x957_85-1024x594.jpg\" alt=\"\" data-id=\"831\" data-link=\"http:\/\/www.mallorca-bahia-azul.com\/test\/finca_auf_mallorca_villa_verano_10_1650x957_85\/\" class=\"wp-image-831\" srcset=\"http:\/\/www.mallorca-bahia-azul.com\/wp-content\/uploads\/2019\/09\/Finca_auf_Mallorca_Villa_Verano_10_1650x957_85-1024x594.jpg 1024w, http:\/\/www.mallorca-bahia-azul.com\/wp-content\/uploads\/2019\/09\/Finca_auf_Mallorca_Villa_Verano_10_1650x957_85-300x174.jpg 300w, http:\/\/www.mallorca-bahia-azul.com\/wp-content\/uploads\/2019\/09\/Finca_auf_Mallorca_Villa_Verano_10_1650x957_85-768x445.jpg 768w, http:\/\/www.mallorca-bahia-azul.com\/wp-content\/uploads\/2019\/09\/Finca_auf_Mallorca_Villa_Verano_10_1650x957_85-966x560.jpg 966w, http:\/\/www.mallorca-bahia-azul.com\/wp-content\/uploads\/2019\/09\/Finca_auf_Mallorca_Villa_Verano_10_1650x957_85.jpg 1650w\" sizes=\"auto, (max-width: 1024px) 100vw, 1024px\" \/><\/figure><\/li><li class=\"blocks-gallery-item\"><figure><img loading=\"lazy\" decoding=\"async\" width=\"1024\" height=\"594\" src=\"http:\/\/www.mallorca-bahia-azul.com\/wp-content\/uploads\/2019\/09\/Finca_auf_Mallorca_Villa_Verano_8_1650x957_85-1024x594.jpg\" alt=\"\" data-id=\"830\" data-link=\"http:\/\/www.mallorca-bahia-azul.com\/test\/finca_auf_mallorca_villa_verano_8_1650x957_85\/\" class=\"wp-image-830\" srcset=\"http:\/\/www.mallorca-bahia-azul.com\/wp-content\/uploads\/2019\/09\/Finca_auf_Mallorca_Villa_Verano_8_1650x957_85-1024x594.jpg 1024w, http:\/\/www.mallorca-bahia-azul.com\/wp-content\/uploads\/2019\/09\/Finca_auf_Mallorca_Villa_Verano_8_1650x957_85-300x174.jpg 300w, http:\/\/www.mallorca-bahia-azul.com\/wp-content\/uploads\/2019\/09\/Finca_auf_Mallorca_Villa_Verano_8_1650x957_85-768x445.jpg 768w, http:\/\/www.mallorca-bahia-azul.com\/wp-content\/uploads\/2019\/09\/Finca_auf_Mallorca_Villa_Verano_8_1650x957_85-966x560.jpg 966w, http:\/\/www.mallorca-bahia-azul.com\/wp-content\/uploads\/2019\/09\/Finca_auf_Mallorca_Villa_Verano_8_1650x957_85.jpg 1650w\" sizes=\"auto, (max-width: 1024px) 100vw, 1024px\" \/><\/figure><\/li><\/ul>\n","protected":false},"excerpt":{"rendered":"<p>Die Vordere Terrasse bietet einen schattigen Sitzplatz f\u00fcr bis zu zehn Personen. Hier kann man sitzen wenn man im Au\u00dfenbereich mit Kohle grillen m\u00f6chte.<\/p>\n","protected":false},"author":2,"featured_media":0,"parent":0,"menu_order":0,"comment_status":"closed","ping_status":"closed","template":"","meta":{"footnotes":""},"class_list":["post-862","page","type-page","status-publish","hentry"],"translation":{"provider":"WPGlobus","version":"3.0.0","language":"en","enabled_languages":["de","en"],"languages":{"de":{"title":true,"content":true,"excerpt":false},"en":{"title":false,"content":false,"excerpt":false}}},"_links":{"self":[{"href":"http:\/\/www.mallorca-bahia-azul.com\/en\/wp-json\/wp\/v2\/pages\/862","targetHints":{"allow":["GET"]}}],"collection":[{"href":"http:\/\/www.mallorca-bahia-azul.com\/en\/wp-json\/wp\/v2\/pages"}],"about":[{"href":"http:\/\/www.mallorca-bahia-azul.com\/en\/wp-json\/wp\/v2\/types\/page"}],"author":[{"embeddable":true,"href":"http:\/\/www.mallorca-bahia-azul.com\/en\/wp-json\/wp\/v2\/users\/2"}],"replies":[{"embeddable":true,"href":"http:\/\/www.mallorca-bahia-azul.com\/en\/wp-json\/wp\/v2\/comments?post=862"}],"version-history":[{"count":2,"href":"http:\/\/www.mallorca-bahia-azul.com\/en\/wp-json\/wp\/v2\/pages\/862\/revisions"}],"predecessor-version":[{"id":871,"href":"http:\/\/www.mallorca-bahia-azul.com\/en\/wp-json\/wp\/v2\/pages\/862\/revisions\/871"}],"wp:attachment":[{"href":"http:\/\/www.mallorca-bahia-azul.com\/en\/wp-json\/wp\/v2\/media?parent=862"}],"curies":[{"name":"wp","href":"https:\/\/api.w.org\/{rel}","templated":true}]}}

<p>Die Vordere Terrasse bietet einen schattigen Sitzplatz für bis zu zehn Personen. Hier kann man sitzen wenn man im Außenbereich mit Kohle grillen möchte.</p>



<ul class="wp-block-gallery columns-1 is-cropped wp-block-gallery-1 is-layout-flex wp-block-gallery-is-layout-flex"><li class="blocks-gallery-item"><figure><img loading="lazy" decoding="async" width="1024" height="594" src="http://www.mallorca-bahia-azul.com/wp-content/uploads/2019/09/Finca_auf_Mallorca_Villa_Verano_10_1650x957_85-1024x594.jpg" alt="" data-id="831" data-link="http://www.mallorca-bahia-azul.com/test/finca_auf_mallorca_villa_verano_10_1650x957_85/" class="wp-image-831" srcset="http://www.mallorca-bahia-azul.com/wp-content/uploads/2019/09/Finca_auf_Mallorca_Villa_Verano_10_1650x957_85-1024x594.jpg 1024w, http://www.mallorca-bahia-azul.com/wp-content/uploads/2019/09/Finca_auf_Mallorca_Villa_Verano_10_1650x957_85-300x174.jpg 300w, http://www.mallorca-bahia-azul.com/wp-content/uploads/2019/09/Finca_auf_Mallorca_Villa_Verano_10_1650x957_85-768x445.jpg 768w, http://www.mallorca-bahia-azul.com/wp-content/uploads/2019/09/Finca_auf_Mallorca_Villa_Verano_10_1650x957_85-966x560.jpg 966w, http://www.mallorca-bahia-azul.com/wp-content/uploads/2019/09/Finca_auf_Mallorca_Villa_Verano_10_1650x957_85.jpg 1650w" sizes="auto, (max-width: 1024px) 100vw, 1024px" /></figure></li><li class="blocks-gallery-item"><figure><img loading="lazy" decoding="async" width="1024" height="594" src="http://www.mallorca-bahia-azul.com/wp-content/uploads/2019/09/Finca_auf_Mallorca_Villa_Verano_8_1650x957_85-1024x594.jpg" alt="" data-id="830" data-link="http://www.mallorca-bahia-azul.com/test/finca_auf_mallorca_villa_verano_8_1650x957_85/" class="wp-image-830" srcset="http://www.mallorca-bahia-azul.com/wp-content/uploads/2019/09/Finca_auf_Mallorca_Villa_Verano_8_1650x957_85-1024x594.jpg 1024w, http://www.mallorca-bahia-azul.com/wp-content/uploads/2019/09/Finca_auf_Mallorca_Villa_Verano_8_1650x957_85-300x174.jpg 300w, http://www.mallorca-bahia-azul.com/wp-content/uploads/2019/09/Finca_auf_Mallorca_Villa_Verano_8_1650x957_85-768x445.jpg 768w, http://www.mallorca-bahia-azul.com/wp-content/uploads/2019/09/Finca_auf_Mallorca_Villa_Verano_8_1650x957_85-966x560.jpg 966w, http://www.mallorca-bahia-azul.com/wp-content/uploads/2019/09/Finca_auf_Mallorca_Villa_Verano_8_1650x957_85.jpg 1650w" sizes="auto, (max-width: 1024px) 100vw, 1024px" /></figure></li></ul>

<p>Die Vordere Terrasse bietet einen schattigen Sitzplatz für bis zu zehn Personen. Hier kann man sitzen wenn man im Außenbereich mit Kohle grillen möchte.</p>
